{"id":22,"date":"2023-08-16T17:58:29","date_gmt":"2023-08-16T17:58:29","guid":{"rendered":"https:\/\/pesadillaelectronica.es\/?page_id=22"},"modified":"2025-11-21T00:26:11","modified_gmt":"2025-11-21T00:26:11","slug":"discografia","status":"publish","type":"page","link":"https:\/\/pesadillaelectronica.es\/?page_id=22","title":{"rendered":"Bio-Discos"},"content":{"rendered":"\n<p>Pesadilla Electr\u00f3nica es una banda Andaluza, de Oria (Almer\u00eda), formada a finales de los 80 que mantiene su apuesta por el rock sin concesiones, sencillo y sublime. Rock que mezcla potentes melod\u00edas con la contundencia de su base r\u00edtmica y guitarras distorsionadas, recorriendo de esa manera, la fina cuerda o gorda, que separa el rock, del pop, del punk o del rock &amp; roll.<\/p>\n\n\n\n<h2 class=\"wp-block-heading\"><strong>****<\/strong><\/h2>\n\n\n\n<p><strong>DISCOGRAF\u00cdA (resumida):<\/strong><\/p>\n\n\n\n<p>PE Graba la primera maqueta en Octubre de 1991 (Granada)<\/p>\n\n\n\n<p>Hasta la fecha, adem\u00e1s de aportar canciones a recopilatorios y Fanzines, el grupo ha editado once obras:<\/p>\n\n\n\n<p>1993 &nbsp;\u2013 \u201cNo es ese tu lugar\u201d (k7)<\/p>\n\n\n\n<p>1995&nbsp; \u2013 \u201cEl sur tambi\u00e9n existe\u201d (EP &#8211; en Vinilo)<\/p>\n\n\n\n<p>1996&nbsp; \u2013 \u201cEn mi mundo\u201d (CD)<\/p>\n\n\n\n<p>1998 \u2013 \u201cTrece\u201d (CD)<\/p>\n\n\n\n<p>2001 \u2013 \u201cR\u00edes\u201d (CD)<\/p>\n\n\n\n<p>2008 \u2013 \u201cAdivina\u201d (CD)<\/p>\n\n\n\n<p>2013 \u2013 \u201cTeatro Sal\u201d (CD)<\/p>\n\n\n\n<p>2017&nbsp; \u2013 \u201cZanja\u201d (CD)<\/p>\n\n\n\n<p>2018&nbsp; \u2013 \u201cNovena 30\u201d (CD)<\/p>\n\n\n\n<p>A finales de 2018, PE graba \u201cNovena 30\u201d, su ultimo \u00e1lbum en formato CD, en los estudios Garate de Andoain (Gipuzkoa), Mezclado y masterizado por Kaki Arkarazo. Un trabajo que coincide con el 30 aniversario de la formaci\u00f3n y que contiene 10 temas que muestran la esencia de Pesadilla Electr\u00f3nica.&nbsp;<\/p>\n\n\n\n<p>2022 \u2013 \u201cTrilog\u00eda I\u00bb Nov. 2022 (formato on-line): \u201cAndorra\u201d,&nbsp; \u201cTocarte\u201d y \u201cVarios\u201d.<\/p>\n\n\n\n<p>2024 \u2013 \u201cTrilog\u00eda II\u00bb Dic. 2024 (formato on-line): \u201cEn Boga\u201d,\u00a0 \u201cDime que te tengo\u201d y \u201cDiciembres infinitos\u201d.<\/p>\n\n\n\n<h2 class=\"wp-block-heading\"><strong>****<\/strong><\/h2>\n\n\n\n<p class=\"has-text-align-left\">Para comprar CDs f\u00edsicos, escr\u00edbenos: <a href=\"mailto:pesadilla@pesadillaelectronica.com\">pesadilla@pesadillaelectronica.com<\/a><\/p>\n\n\n\n<h2 class=\"wp-block-heading\"><strong>****<\/strong><\/h2>\n\n\n\n<p><strong>TRILOG\u00cdA II<\/strong>, Diciembre, 2024: \u00ab<a href=\"https:\/\/drive.google.com\/file\/d\/1ZnfHunPYJenkTf6JpOvGUSagpa8QRnUc\/view?usp=drivesdk\">EN BOGA<\/a>\u00ab, \u00ab<a href=\"https:\/\/drive.google.com\/file\/d\/1THW58c4LDbxDq7OKQhFOWjv2KYRP5rME\/view?usp=drivesdk\">DIME QUE TE TENGO<\/a>\u00bb y \u00ab<a href=\"https:\/\/drive.google.com\/file\/d\/1mx-5ArKwLamNbbgtndL45u5KoqufNFS5\/view?usp=drivesdk\">DICIEMBRES INFINITOS<\/a>\u00ab<\/p>\n\n\n\n<p>Grabada en Noviembre de 2024, en Estudios Fernando J. Romero (Granada)<\/p>\n\n\n\n<p>Producida por Pesadilla Electr\u00f3nica y Fernando J. Romero<\/p>\n\n\n\n<p>Disponible gratuitamente en nuestras RRSS y todas las plataformas online. Tambi\u00e9n puedes hacer clic en cada una de ellas, aqu\u00ed mismo, para bajarlas en m\u00e1xima calidad (96Khz) <\/p>\n\n\n\n<h2 class=\"wp-block-heading\"><strong>****<\/strong><\/h2>\n\n\n\n<p><strong>TRILOG\u00cdA I, <\/strong>Noviembre, 2022<strong>:<\/strong> \u00ab<a href=\"https:\/\/drive.google.com\/file\/d\/1LZn4JhAAH5epnoHY13dNkK7ATdbJNNWn\/view?usp=drivesdk\">ANDORRA<\/a>\u00ab, \u00ab<a href=\"https:\/\/drive.google.com\/file\/d\/1E1IH8pHGsWlaQ6hN6s8GqI16LEBggdMe\/view?usp=drivesdk\">TOCARTE<\/a>\u00bb y \u00ab<a href=\"https:\/\/drive.google.com\/file\/d\/1iQMHd4aVuxyQKfIej-9-U5buZQi7aOu3\/view?usp=drivesdk\">VARIOS<\/a>\u00ab:<\/p>\n\n\n\n<p>Grabada del 27 al 31\/10\/2022, en Estudios Fernando J. Romero (Granada).<\/p>\n\n\n\n<p>Producida por Pesadilla Electr\u00f3nica y Fernando J. Romero<\/p>\n\n\n\n<p>Disponible gratuitamente en nuestras RRSS y todas las plataformas online. Tambi\u00e9n en m\u00e1xima calidad, aqu\u00ed, pinchando en ellas. <\/p>\n\n\n\n<h2 class=\"wp-block-heading\"><strong>****<\/strong><\/h2>\n\n\n\n<figure class=\"wp-block-image size-large is-resized wp-duotone-default-filter\"><a href=\"https:\/\/pesadillaelectronica.es\/wp-content\/uploads\/2024\/12\/novena-30-portada-cd.jpg\"><img loading=\"lazy\" decoding=\"async\" width=\"1024\" height=\"925\" src=\"https:\/\/pesadillaelectronica.es\/wp-content\/uploads\/2024\/12\/novena-30-portada-cd-1024x925.jpg\" alt=\"\" class=\"wp-image-663\" style=\"width:319px;height:auto\" srcset=\"https:\/\/pesadillaelectronica.es\/wp-content\/uploads\/2024\/12\/novena-30-portada-cd-1024x925.jpg 1024w, https:\/\/pesadillaelectronica.es\/wp-content\/uploads\/2024\/12\/novena-30-portada-cd-300x271.jpg 300w, https:\/\/pesadillaelectronica.es\/wp-content\/uploads\/2024\/12\/novena-30-portada-cd-768x694.jpg 768w, https:\/\/pesadillaelectronica.es\/wp-content\/uploads\/2024\/12\/novena-30-portada-cd.jpg 1195w\" sizes=\"auto, (max-width: 1024px) 100vw, 1024px\" \/><\/a><\/figure>\n\n\n\n<p><strong>Diciembre-2018:&nbsp;CD-\u201cNovena 30\u201d<\/strong> (PVP:&nbsp;10 eur, env\u00edo incluido) <br>1. Ladran<br>2. Novena<br>3. Sensor<br>4. C\u00e1ndido y Pl\u00e1cido<br>5. Sin Norma<br>6. Avisa<br>7. Animal<br>8. Flexible<br>9. Par\u00e9ntesis<br>10. Cors\u00e9<br>Producido por Kaki Arkarazo y Pesadilla Electr\u00f3nica.&nbsp; Masterizado por Kaki Arkarazo. Grabado en Estudios Garate, Andoain (Gipuzkoa).<br>Concepto y Dibujos por Juan Valle L\u00edndez. Maquetaci\u00f3n por Iulene Mart\u00ednez<br>Edita: pesadillaelectr\u00f3nica<\/p>\n\n\n\n<h2 class=\"wp-block-heading\"><strong>****<\/strong><\/h2>\n\n\n\n<figure class=\"wp-block-image size-full wp-duotone-default-filter\"><a href=\"https:\/\/pesadillaelectronica.es\/wp-content\/uploads\/2024\/12\/Discog1.jpg\"><img loading=\"lazy\" decoding=\"async\" width=\"301\" height=\"273\" src=\"https:\/\/pesadillaelectronica.es\/wp-content\/uploads\/2024\/12\/Discog1.jpg\" alt=\"\" class=\"wp-image-666\"\/><\/a><\/figure>\n\n\n\n<p><strong>Diciembre-2016:&nbsp;CD-\u201cZanja\u201d<\/strong> (PVP:&nbsp;10 eur, env\u00edo incluido)<br>1. Zanja, 3:48<br>2. Hazme, 3:00<br>3. Adalid, 3:15<br>4. Hurac\u00e1n Andrea, 3:24<br>5. Jueves de feria, 3:09<br>6. Dec\u00edamos ayer, 2:53<br>7. Contaminado, 3:35<br>8. Donde habita el Milagro, 3:30<br>9. Et\u00e9reo, 2:55<br>10. Desfilando, 2:55<br>11. De nuevo, 2:30<br>Producido por: Paco Loco y pesadillaelectr\u00f3nica<br>Grabado en: Estudio Paco Loco. Masterizado: Mario G. Alberni (C\u00e1diz)<br>Fotograf\u00eda: Jacinto jr. y M\u00f3nica Su\u00e1rez<br>Edita: pesadillaelectr\u00f3nica<\/p>\n\n\n\n<h2 class=\"wp-block-heading\"><strong>****<\/strong><\/h2>\n\n\n\n<figure class=\"wp-block-image size-full is-resized wp-duotone-default-filter\"><a href=\"https:\/\/pesadillaelectronica.es\/wp-content\/uploads\/2024\/12\/pesadilla-teatro-sal-portada.jpg\"><img loading=\"lazy\" decoding=\"async\" width=\"300\" height=\"300\" src=\"https:\/\/pesadillaelectronica.es\/wp-content\/uploads\/2024\/12\/pesadilla-teatro-sal-portada.jpg\" alt=\"\" class=\"wp-image-667\" style=\"width:303px;height:auto\" srcset=\"https:\/\/pesadillaelectronica.es\/wp-content\/uploads\/2024\/12\/pesadilla-teatro-sal-portada.jpg 300w, https:\/\/pesadillaelectronica.es\/wp-content\/uploads\/2024\/12\/pesadilla-teatro-sal-portada-150x150.jpg 150w\" sizes=\"auto, (max-width: 300px) 100vw, 300px\" \/><\/a><\/figure>\n\n\n\n<p><strong>Diciembre-2013:&nbsp;CD-\u201cTeatro Sal\u201d<\/strong> (PVP:&nbsp;10 eur, env\u00edo incluido)<br>1. Estir\u00f3n, 3:13<br>2. Tira, 3:30<br>3. Teatro Sal Dos, 2:31<br>4. Chambi, 3:08<br>5. Sentado Aqu\u00ed, 4:19<br>6. Oda Al Quinto, 2:56<br>7. Ambiguo7Feliz, 2:15<br>8. Sin Hilos, 3:51<br>9. Sobre Los Muertos, 2:29<br>10. Danzando, 3:57<br>11. Ellos Han, 3:20<br>Producido por: Paco Loco<br>Grabado en: Estudio Paco Loco. Masterizado: Mario G. Alberni (C\u00e1diz)<br>Dibujos: Juanjo Sanz<br>Edita: pesadillaelectr\u00f3nica<\/p>\n\n\n\n<h2 class=\"wp-block-heading\"><strong>****<\/strong><\/h2>\n\n\n\n<figure class=\"wp-block-image size-full is-resized wp-duotone-default-filter\"><a href=\"https:\/\/pesadillaelectronica.es\/wp-content\/uploads\/2024\/12\/index.1.jpg\"><img loading=\"lazy\" decoding=\"async\" width=\"188\" height=\"193\" src=\"https:\/\/pesadillaelectronica.es\/wp-content\/uploads\/2024\/12\/index.1.jpg\" alt=\"\" class=\"wp-image-669\" style=\"width:318px;height:auto\"\/><\/a><\/figure>\n\n\n\n<p><strong>Septiembre-2008:&nbsp;CD-\u201cAdivina\u201d<\/strong> (PVP:&nbsp;10 eur, env\u00edo incluido)<br>1. Uno, 3:42<br>2. El n\u00famero del aire, 2:54<br>3. Mira qu\u00e9 historia, mam\u00e1, 3:00<br>4. Adivina, 2:03<br>5. Jos\u00e9, 2:18<br>6. T\u00fa solo, 2:16<br>7. Miedo, 3:25<br>8. + campo, 1:34<br>9. Campo, 2:59<br>10. Las ciudades me saben a hierro, 3:15<br>11. Jard\u00edn, 0:10<br>12. Vida, 3:25<br>Producido por: Nicol\u00e1s Medina<br>Grabado en: Estudios Fernando J. Romero<br>Dise\u00f1o: Conchi Rosas<br>Edita: Ambar Producciones (Granada)<\/p>\n\n\n\n<h2 class=\"wp-block-heading\"><strong>****<\/strong><\/h2>\n\n\n\n<figure class=\"wp-block-image size-full is-resized wp-duotone-default-filter\"><a href=\"https:\/\/pesadillaelectronica.es\/wp-content\/uploads\/2024\/12\/index.2.jpg\"><img loading=\"lazy\" decoding=\"async\" width=\"187\" height=\"186\" src=\"https:\/\/pesadillaelectronica.es\/wp-content\/uploads\/2024\/12\/index.2.jpg\" alt=\"\" class=\"wp-image-673\" style=\"width:319px;height:auto\" srcset=\"https:\/\/pesadillaelectronica.es\/wp-content\/uploads\/2024\/12\/index.2.jpg 187w, https:\/\/pesadillaelectronica.es\/wp-content\/uploads\/2024\/12\/index.2-150x150.jpg 150w\" sizes=\"auto, (max-width: 187px) 100vw, 187px\" \/><\/a><\/figure>\n\n\n\n<p><strong>Junio-2001:&nbsp;CD-\u201cRies\u201d<\/strong> (AGOTADO, <strong><a href=\"https:\/\/drive.google.com\/drive\/folders\/1kx8ECmUI8Ag6VCsYiDbr1yYSHg8ePs8D\">BAJAR AQU\u00cd<\/a><\/strong>)<br>1. My Sharona, 3:31<br>2. Sientes, 4:23<br>3. Mimos, 3:03<br>4. S\u00ed, 2:55<br>5. Flores amarillas, 3:28<br>6. Gogo, 4:16<br>7. \u00danete a m\u00ed, 2:20<br>8. Malec\u00f3n, 3:23<br>9. R\u00edes, 2.57<br>10. Suka, 2:52<br>11. Tu mundo feliz, 3:52<br>12. No s\u00e9 qu\u00e9, 3:55<br>Grabado en Estudios Fernando Romero (Granada). Producido por Andr\u00e9s M. Garc\u00eda<br>Dibujo: Tere Martinez<br>Edita: \u00c1mbar Producciones. Distribuye: Tr3s\u2019 14 (Sevilla)<\/p>\n\n\n\n<h2 class=\"wp-block-heading\"><strong>****<\/strong><\/h2>\n\n\n\n<figure class=\"wp-block-image size-full is-resized wp-duotone-default-filter\"><a href=\"https:\/\/pesadillaelectronica.es\/wp-content\/uploads\/2024\/12\/index.3.jpg\"><img loading=\"lazy\" decoding=\"async\" width=\"186\" height=\"185\" src=\"https:\/\/pesadillaelectronica.es\/wp-content\/uploads\/2024\/12\/index.3.jpg\" alt=\"\" class=\"wp-image-675\" style=\"width:327px;height:auto\" srcset=\"https:\/\/pesadillaelectronica.es\/wp-content\/uploads\/2024\/12\/index.3.jpg 186w, https:\/\/pesadillaelectronica.es\/wp-content\/uploads\/2024\/12\/index.3-150x150.jpg 150w\" sizes=\"auto, (max-width: 186px) 100vw, 186px\" \/><\/a><\/figure>\n\n\n\n<p><strong>1998:&nbsp;CD Recopilatorio-\u201cEstaci\u00f3n 1\u201d&nbsp;(Locomotive)<\/strong> (AGOTADO)<br>1. Lira-Lere (del \u00e1lbum \u201cTrece\u201d)<\/p>\n\n\n\n<h2 class=\"wp-block-heading\"><strong>****<\/strong><\/h2>\n\n\n\n<figure class=\"wp-block-image size-full is-resized wp-duotone-default-filter\"><a href=\"https:\/\/pesadillaelectronica.es\/wp-content\/uploads\/2024\/12\/index.4.jpg\"><img loading=\"lazy\" decoding=\"async\" width=\"189\" height=\"188\" src=\"https:\/\/pesadillaelectronica.es\/wp-content\/uploads\/2024\/12\/index.4.jpg\" alt=\"\" class=\"wp-image-677\" style=\"width:334px;height:auto\" srcset=\"https:\/\/pesadillaelectronica.es\/wp-content\/uploads\/2024\/12\/index.4.jpg 189w, https:\/\/pesadillaelectronica.es\/wp-content\/uploads\/2024\/12\/index.4-150x150.jpg 150w\" sizes=\"auto, (max-width: 189px) 100vw, 189px\" \/><\/a><\/figure>\n\n\n\n<p><strong>Abril-1998:&nbsp;CD-\u201cTrece\u201d<\/strong> (PVP:&nbsp;10 eur, env\u00edo incluido)<br>1. Lira-Lere, 3:36<br>2. Su\u00e9ltame, 2:07<br>3. Aire de arriba, 4:14<br>4. El buhonero, 4:26<br>5. Escr\u00edbeme (una canci\u00f3n pop), 4:33<br>6. Tiemblo, 2:59<br>7. Mi contradicci\u00f3n, 4:09<br>8. Desconozco, 5:27<br>9. Disfraz, 3:28<br>10. No me despierto, 3:13<br>Grabado en Estudios Fernando J. Romero (Granada). Producido por Pesadilla y Frenando J. Romero<br>Dise\u00f1o: Ju\u00e1n Fco. Valle L\u00edndez<br>Edita: \u00c1mbar Producciones. Distribuye: Locomotive (Madrid)<\/p>\n\n\n\n<h2 class=\"wp-block-heading\"><strong>****<\/strong><\/h2>\n\n\n\n<figure class=\"wp-block-image size-full is-resized wp-duotone-default-filter\"><a href=\"https:\/\/pesadillaelectronica.es\/wp-content\/uploads\/2024\/12\/index.5.jpg\"><img loading=\"lazy\" decoding=\"async\" width=\"193\" height=\"191\" src=\"https:\/\/pesadillaelectronica.es\/wp-content\/uploads\/2024\/12\/index.5.jpg\" alt=\"\" class=\"wp-image-678\" style=\"width:341px;height:auto\"\/><\/a><\/figure>\n\n\n\n<p><strong>Abril-1996:&nbsp;CD-\u201cEn mi mundo\u201d:<\/strong><br>1. J\u00f3venes artistas, 3:58<br>2. Buscando el tiempo perdido, 3:20<br>3. He dejado de so\u00f1ar, 3:10<br>4. Cuando no est\u00e1s, 3:36<br>5. La cueva de la ansiedad, 4:14<br>6. No te veo, 3:31<br>7. En el interior de ti, 2:07<br>8. Inocencia, 4:09<br>9. En mi mundo, 3:33<br>10. Es un extra\u00f1o, 4:48<br>Grabado en Estudios Fernando J. Romero. Producido por Frenando J. Romero<br>Dise\u00f1o: Ju\u00e1n Fco. Valle L\u00edndez<br>Edita: Big Bang Producciones Discogr\u00e1ficas (Granada)<\/p>\n\n\n\n<h2 class=\"wp-block-heading\"><strong>****<\/strong><\/h2>\n\n\n\n<figure class=\"wp-block-image size-full is-resized wp-duotone-default-filter\"><a href=\"https:\/\/pesadillaelectronica.es\/wp-content\/uploads\/2024\/12\/index.6.jpg\"><img loading=\"lazy\" decoding=\"async\" width=\"193\" height=\"191\" src=\"https:\/\/pesadillaelectronica.es\/wp-content\/uploads\/2024\/12\/index.6.jpg\" alt=\"\" class=\"wp-image-679\" style=\"width:346px;height:auto\"\/><\/a><\/figure>\n\n\n\n<p><strong>Febrero-1995:&nbsp;<\/strong><strong>EP-\u201cEl sur tambi\u00e9n existe\u201d<\/strong><strong>:<\/strong><br>EP (Vinilo) compartido con el grupo malague\u00f1o: HONDONERO<br>Cara B:<br>1. Ese color negro<br>2. Oria<br>Producido por Frenando J. Romero<br>Dise\u00f1o: Hondonero<br>Edita: Su Seguro Servidor (Valencia)<\/p>\n\n\n\n<p><strong>AGOTADO<\/strong>; Bajar&nbsp;<a href=\"https:\/\/drive.google.com\/folderview?id=1CH4dcvCHkCatLS-liGh4ryAvBjgRs0Ue\"><strong>AQU\u00cd (mp3)<\/strong><\/a><\/p>\n\n\n\n<h2 class=\"wp-block-heading\"><strong>****<\/strong><\/h2>\n\n\n\n<p><strong>Abril de 1994:&nbsp;Maqueta III: \u201cInocencia\u201d:<\/strong><br>1. Inocencia<br>2. Ese color negro<br>3. En el interior de ti<br>4. Oria<br>Producida por Fernando J. Romero (Granada)<\/p>\n\n\n\n<h2 class=\"wp-block-heading\"><strong>****<\/strong><\/h2>\n\n\n\n<figure class=\"wp-block-image size-full is-resized wp-duotone-default-filter\"><a href=\"https:\/\/pesadillaelectronica.es\/wp-content\/uploads\/2024\/12\/index.7.jpg\"><img loading=\"lazy\" decoding=\"async\" width=\"196\" height=\"194\" src=\"https:\/\/pesadillaelectronica.es\/wp-content\/uploads\/2024\/12\/index.7.jpg\" alt=\"\" class=\"wp-image-680\" style=\"width:352px;height:auto\"\/><\/a><\/figure>\n\n\n\n<p><strong>Julio-1993:&nbsp;K7-\u201cNo es ese tu lugar\u201d<\/strong>:<br>Cara A:<br>1. La cuerda, 3:18<br>2. Te esperar\u00e9, 4:23<br>3. Rosas de Oto\u00f1o, 4:15<br>4. La chica de 16 a\u00f1os, 4:08<br>5. Son\u00e1mbulos, 5:10<br>Cara B:<br>1. Ocho mandamientos, 3:56<br>2. Canci\u00f3n de cuna, 3:42<br>3. A trav\u00e9s del cristal, 4:03<br>4. No es ese tu lugar, 4:17<br>5. \u00a1\u00a1Detente Mortal!!, 3:45<br>Grabado por Pablo Torres y Fernando J. Romero (Granada)<br>Producida por Paco Luis Martos<\/p>\n\n\n\n<p><strong>AGOTADO;&nbsp;<\/strong>Bajar<strong>&nbsp;<\/strong><a href=\"https:\/\/drive.google.com\/folderview?id=1X14lMmGboI4xwPdkiXMy-R5kuxIaxhU7\"><strong>AQU\u00cd (mp3)<\/strong><\/a><\/p>\n\n\n\n<h2 class=\"wp-block-heading\"><strong>****<\/strong><\/h2>\n\n\n\n<figure class=\"wp-block-image size-full is-resized wp-duotone-default-filter\"><a href=\"https:\/\/pesadillaelectronica.es\/wp-content\/uploads\/2024\/12\/index.8.jpg\"><img loading=\"lazy\" decoding=\"async\" width=\"183\" height=\"182\" src=\"https:\/\/pesadillaelectronica.es\/wp-content\/uploads\/2024\/12\/index.8.jpg\" alt=\"\" class=\"wp-image-681\" style=\"width:360px;height:auto\" srcset=\"https:\/\/pesadillaelectronica.es\/wp-content\/uploads\/2024\/12\/index.8.jpg 183w, https:\/\/pesadillaelectronica.es\/wp-content\/uploads\/2024\/12\/index.8-150x150.jpg 150w\" sizes=\"auto, (max-width: 183px) 100vw, 183px\" \/><\/a><\/figure>\n\n\n\n<p><strong>Mayo-1993:&nbsp;<\/strong><strong>K7 Recopilatorio &#8211; \u201cEfervescente pop\u201d<\/strong><strong>:<\/strong><br>&#8216;Zine \u00abM\u00fasica en Blanco &amp; Negro\u00bb:<br>Cara B:<br>2. Rosas de Oto\u00f1o (de la II Maqueta)<\/p>\n\n\n\n<p><strong>AGOTADO<\/strong><\/p>\n\n\n\n<h2 class=\"wp-block-heading\"><strong>****<\/strong><\/h2>\n\n\n\n<p><strong>Abril-1992:&nbsp;Maqueta II:<\/strong><br>1. Rosas de Oto\u00f1o<br>2. La chica de 16 a\u00f1os<br>3. A trav\u00e9s del cristal<br>4. \u00a1\u00a1Detente Mortal!!<br>Producido por Fernando J. Romero y Paco Lu\u00eds Martos<\/p>\n\n\n\n<h2 class=\"wp-block-heading\"><strong>****<\/strong><\/h2>\n\n\n\n<p><strong>Octubre-1991:&nbsp;<\/strong><strong>Maqueta I<\/strong><strong>:<\/strong><br>1. Llueve en Gran\u00e1<br>2. Nunca ser\u00e9 feliz<br>3. Guerreros<br>4. Pesadilla Electr\u00f3nica<br>Producida por Fernando J. Romero<\/p>\n\n\n\n<p>Bajar <a href=\"https:\/\/drive.google.com\/folderview?id=1NI-esFg-8G4jM26GFuBgb1ge719AWxVl\"><strong>AQU\u00cd (mp3)<\/strong><\/a><\/p>\n\n\n\n<p><\/p>\n","protected":false},"excerpt":{"rendered":"<p>Pesadilla Electr\u00f3nica es una banda Andaluza, de Oria (Almer\u00eda), formada a finales de los 80 que mantiene su apuesta por el rock sin concesiones, sencillo y sublime. Rock que mezcla potentes melod\u00edas con la contundencia de su base r\u00edtmica y guitarras distorsionadas, recorriendo de esa manera, la fina cuerda o gorda, que separa el rock, [&hellip;]<\/p>\n","protected":false},"author":1,"featured_media":0,"parent":0,"menu_order":4,"comment_status":"closed","ping_status":"closed","template":"","meta":{"footnotes":""},"class_list":["post-22","page","type-page","status-publish","hentry"],"_links":{"self":[{"href":"https:\/\/pesadillaelectronica.es\/index.php?rest_route=\/wp\/v2\/pages\/22","targetHints":{"allow":["GET"]}}],"collection":[{"href":"https:\/\/pesadillaelectronica.es\/index.php?rest_route=\/wp\/v2\/pages"}],"about":[{"href":"https:\/\/pesadillaelectronica.es\/index.php?rest_route=\/wp\/v2\/types\/page"}],"author":[{"embeddable":true,"href":"https:\/\/pesadillaelectronica.es\/index.php?rest_route=\/wp\/v2\/users\/1"}],"replies":[{"embeddable":true,"href":"https:\/\/pesadillaelectronica.es\/index.php?rest_route=%2Fwp%2Fv2%2Fcomments&post=22"}],"version-history":[{"count":48,"href":"https:\/\/pesadillaelectronica.es\/index.php?rest_route=\/wp\/v2\/pages\/22\/revisions"}],"predecessor-version":[{"id":752,"href":"https:\/\/pesadillaelectronica.es\/index.php?rest_route=\/wp\/v2\/pages\/22\/revisions\/752"}],"wp:attachment":[{"href":"https:\/\/pesadillaelectronica.es\/index.php?rest_route=%2Fwp%2Fv2%2Fmedia&parent=22"}],"curies":[{"name":"wp","href":"https:\/\/api.w.org\/{rel}","templated":true}]}}